y = 11 - -147. What is the remainder when y is divided by g?
14
Let n = -25 + 47. Let d = 24 + n. What is the remainder when d is divided by 16?
14
Let j(h) = -h + 35. Calculate the remainder when 44 is divided by j(10).
19
Suppose 8*n - 1 = 31. Suppose n*r + 78 = 10*r. Calculate the remainder when 48 is divided by r.
9
Let q(o) = -o**3 - 5*o**2 - 3*o + 2. Let c be q(-2). What is the remainder when 73 is divided by (-6)/c - (-140)/8?
16
Calculate the remainder when 558 is divided by (344/6)/((-64)/(-48)).
42
Let m = -81 - -84. Suppose -h - 3*g = -6 - 12, 87 = 4*h - 3*g. Calculate the remainder when -1 - 0 - (m + -65) is divided by h.
19
Let y = 255 - 232. What is the remainder when 102 is divided by y?
10
Suppose -24 = -3*x + 27. Calculate the remainder when x is divided by (-8)/(-12)*(-54)/(-4).
8
Let f(a) = 6*a + 241. Calculate the remainder when (3 + (-34)/10)*-45 is divided by f(-39).
4
Calculate the remainder when 82 is divided by (16/72)/((-4432)/(-1476) + -3).
0
Suppose -31 + 119 = 4*p. Let t(x) = -x**2 + 13*x - 6. Let h(o) = 2*o**3 - 3*o**2 + 3*o + 2. Let a be h(2). Calculate the remainder when p is divided by t(a).
4
Suppose 1319 = -11*n + 4058. What is the remainder when n is divided by 14?
11
Suppose -u + 35 = -6*u. Let m(p) be the first derivative of p**3/3 + 2*p**2 - p - 16. Calculate the remainder when 58 is divided by m(u).
18
Let z = 715 + -700. Calculate the remainder when 404 is divided by z.
14
Suppose -5*h = 44 - 219. What is the remainder when 123 is divided by h?
18
Let j = 618 + -302. What is the remainder when j is divided by 80?
76
Suppose 0 = -18*n + 41*n - 161. What is the remainder when 43 is divided by n?
1
Suppose 236*p + 448 = 264*p. Suppose -5*u + 66 = -399. What is the remainder when u is divided by p?
13
Suppose 9*k + 38 = 740. Calculate the remainder when k is divided by 68.
10
Let z(y) = y**3 + 11*y**2 - 27*y - 10. Let v = -87 + 128. What is the remainder when v is divided by z(-13)?
2
Let d = -44 - -223. What is the remainder when d is divided by 12?
11
Suppose -7*g = -168 + 42. What is the remainder when 57 is divided by g?
3
What is the remainder when 129 - (-7 - ((-9)/(-3) + -7)) is divided by 7?
6
Suppose -202 = -4*i - 34. Calculate the remainder when 332 is divided by i.
38
Suppose -3*l = 4*s - 1773, -5*s - 2*l = -768 - 1443. Calculate the remainder when s is divided by 17.
16
Let h(v) = 48*v - 1. Suppose -324 = 7*q - 1626. What is the remainder when q is divided by h(1)?
45
Suppose 0 = -v + 164 - 123. Suppose -b = -2*b + v. What is the remainder when b is divided by 15?
11
Suppose -4*u + 2*a = -0*a - 128, 0 = -a + 4. Let g(s) be the third derivative of -35*s**4/6 - s**3 + 84*s**2. What is the remainder when g(-1) is divided by u?
32
Suppose 5 = -0*f - 3*f - 4*k, -50 = -5*f + 5*k. What is the remainder when 94 is divided by f?
4
Let j be (0 - (-3 - -9)) + -1. Let h = -7 - j. Suppose h*m = 2*m - 44. Calculate the remainder when 87 is divided by m.
21
Suppose 28*k = 56 + 560. What is the remainder when k is divided by 2?
0
Let z be (5/2)/((-3)/(-18)). Suppose 0 = -3*u - 3 + z. Suppose g = b - 5*b + 43, -u*b + 82 = 2*g. What is the remainder when g is divided by 20?
19
Let r(q) = -q + 7. Let p be r(9). Let o = 2 - -4. What is the remainder when (-488)/(-56) - p/7 is divided by o?
3
Suppose 0 = -522*t + 519*t + 75. Calculate the remainder when 216 is divided by t.
16
Let w = 119 - 60. Let b = -35 + w. Suppose 60 = -42*c + 164 + 442. What is the remainder when b is divided by c?
11
Let h = 77 + -25. Suppose 0 = 2*b - 0*b - 10. Suppose -3*n - b*q = -47, 4*n - 4*q + 5*q = 57. Calculate the remainder when h is divided by n.
10
Let t(w) = w. Let h be t(2). Suppose -3 = -h*b + 1. Suppose 0 = b*m - 53 - 59. What is the remainder when m is divided by 19?
18
What is the remainder when 1607 is divided by (-3 - 18/1)/((-153)/510)?
67
Suppose 4*h - 70 = -h. Suppose -6*r - 60 = -558. What is the remainder when r is divided by h?
13
Let p = -822 - -864. What is the remainder when 91 is divided by p?
7
Let r(a) = -25*a - 6. Let d(q) = -75*q - 19. Let b(j) = -2*d(j) + 7*r(j). What is the remainder when 40 is divided by b(-1)?
19
Let g = -492 + 958. What is the remainder when g is divided by 78?
76
Let s = -184 + 198. What is the remainder when 123 is divided by s?
11
Suppose u - 86 = -g, g = -4*u + 30 + 317. Suppose u*o - 13 = 86*o. Calculate the remainder when 272 is divided by o.
12
Suppose -k - 3*k = -172. Suppose -6*n = 11 + 1. Calculate the remainder when k is divided by 170/51*(-9)/n.
13
Let n(a) = 3*a - 13. Let b be n(6). Suppose -b*o = -53 - 37. What is the remainder when 71 is divided by o?
17
Suppose -6*m - m = 56. Let w(r) = -19*r. Let b be w(1). Let j = m - b. Calculate the remainder when j is divided by 6.
5
Suppose -3*i = -8 - 7. Let l be (-4 + i)/(2/36). Suppose -5*m = -3*x + 25 + l, 2*x = -2*m + 2. What is the remainder when 9 is divided by x?
3
Suppose 4*g = 3*l + 2 + 3, 9 = 4*g + l. Suppose -4*n + 346 = -g*k, -8*n + 4*n - 2*k + 334 = 0. What is the remainder when n is divided by 22?
19
Suppose g + 2 = 24. What is the remainder when g is divided by 4 - 4/(-1 + -3)?
2
Suppose 5*r + c - 1040 = 0, 5*r - 502 - 538 = 3*c. What is the remainder when r is divided by 63?
19
Suppose 33 - 105 = -8*g. Suppose -2*q - b + 13 = -6*b, -g = -3*b. What is the remainder when 21 is divided by q?
7
Let b(k) = 30*k - 1. Let a be b(1). Suppose -262 = -5*q + 128. Suppose -z + 2*z = r - a, 2*r = -3*z + q. What is the remainder when r is divided by 17?
16
Let z(q) = q**2 + 6*q + 2. Let y be z(-6). Let p(a) = 22*a**2 - 6*a - 2. Calculate the remainder when p(y) is divided by 15.
14
Let x(f) = 9*f**2 - 5*f - 2. What is the remainder when 3/(3/2) + 84 is divided by x(-2)?
42
Let w = 858 - 833. What is the remainder when 116 is divided by w?
16
Suppose m + 2*y + 12 = 6*m, 0 = 4*m + 2*y - 24. Let s(w) = 0*w**2 + 5 - 6*w - 3 + 2*w + m*w**2. Calculate the remainder when 27 is divided by s(2).
7
Let o(i) = i**2 - 12. Suppose 2*h - 11 = 2*v + h, 5*v + 21 = -4*h. Let f = -21 - -71. What is the remainder when f is divided by o(v)?
11
Let z(p) = 3*p**3 + 8*p**2 - 3*p + 4. Let c be z(-3). Suppose -3*l - 2*k + 129 + 92 = 0, -k = -c*l + 313. Calculate the remainder when l is divided by 26.
25
Let u(f) = -f**3 - 3*f**2 + 3*f + 5. Let g be u(-2). Calculate the remainder when 72 is divided by -3 - -37 - (1 + g).
34
Let i be -7*(1 - 18/21)*-78. Suppose 7 = 4*x - 13. Suppose -x*d - d + i = 0. What is the remainder when 51 is divided by d?
12
Suppose -6*z + 4*z = 5*c, 4*c + 2*z = 0. Suppose c = -0*u - u + 21. Let j = 287 + -205. Calculate the remainder when j is divided by u.
19
Suppose -u - 2*u = 3, 4*r - 98 = 2*u. Let z(n) = -2*n**3 - 9*n**2 - 29*n - 214. Calculate the remainder when z(-6) is divided by r.
20
Suppose i + 2*m - 82 = 0, -39*i - m - 984 = -51*i. Calculate the remainder when i is divided by (-21)/((-6)/8 - 0).
26
Suppose -13*i + 288 = 67. What is the remainder when i is divided by 6?
5
Let j = 23 + 8. What is the remainder when (-6)/18*-4*69 is divided by j?
30
Suppose 2*u - 4*y = -9*y + 158, 5*u + 4*y - 378 = 0. What is the remainder when u is divided by 39?
35
Let m(t) = 24*t - 3. Let y = 53 + -41. What is the remainder when m(2) is divided by y?
9
Let q(g) = 3*g**2 + 5*g - 29. Calculate the remainder when 55 is divided by q(4).
16
Let q be (-2)/(-9) + 2/(-9). Suppose q = p - 13 + 1. What is the remainder when 22 is divided by p?
10
Calculate the remainder when (-148)/(-12) + -13 - (-172)/6 is divided by 5.
3
Suppose -6*s + 4*s + 88 = -4*m, 2*m = 3*s - 148. What is the remainder when s is divided by ((28/8)/(-7))/(1/(-22))?
8
Suppose 0*i + 158 = 2*i. Let a be -3*(40/(-6) - 4). Let x = a - 12. Calculate the remainder when i is divided by x.
19
Suppose -767 = -52*y + 65. Calculate the remainder when 10/60 - (-310)/12 is divided by y.
10
Let o be 7 + 0 - (8 + -6). Suppose 5*s + o = 0, 0 = 3*p + 5*s - 1 - 9. Calculate the remainder when 58/5 - 6/(-15) is divided by p.
2
Let r be -1 + 4 + -5 - (-6)/1. Suppose -4*t - 20 = 3*g - r*g, -t - 1 = 0. Calculate the remainder when 62 is divided by g.
14
Let i(w) = 5*w. Suppose 4*g - 2*j = 406, g = 4*g + 5*j - 324. What is the remainder when g is divided by i(3)?
13
Suppose 3*r = o + 65, 15 = 